*2 - 8*f + 10. Let s(a) = -7*a. Let u be s(-1). Let g be q(u). Give b(g).
-4
Suppose 9*i - 5*i - 24 = -4*h, -30 = -5*h - 4*i. Let y be 5 + 1/(-2 + 1). Let c(a) = -a**2 + y*a**3 + 7 - a - 3*a**3 - 5*a**2. Calculate c(h).
1
Let q(r) = r**3 + 4*r + r - 9 + 6*r**2 - 3*r - 10*r. Determine q(-7).
-2
Let c(o) = o**2 - 8*o + 5. Suppose -8 = 9*d - 80. Determine c(d).
5
Let j(x) = -x**3 + 4*x. Let l(z) be the third derivative of -z**6/120 - 3*z**5/20 + z**3/6 + 12*z**2. Let s be l(-9). Let u be 4 + (0 + s)*-1. Give j(u).
-15
Let h = -3 - -10. Let a(k) = -18 + 6 - 2*k + h + k. Calculate a(-4).
-1
Let t(k) = 2*k**2 - 18*k + 20. Let c be t(8). Let l(o) = -5*o**3 - 5*o**2 + 3*o + 2. Let j(g) = g**3 + g**2 - g. Let z(a) = c*j(a) + l(a). What is z(-3)?
23
Let c(x) = 2*x - 1. Let p(u) = -25*u + 102. Let z(q) = 4*c(q) + p(q). Determine z(6).
-4
Let z(u) be the second derivative of u**5/20 + 2*u**4/3 + 2*u**3/3 - 8*u**2 - 39*u - 2. Give z(-7).
5
Suppose 2*v = -p + 38, 0*p + 2*p = v - 14. Suppose 2*t = -2*m + 1 - 7, 0 = -4*m + 2*t + v. Let j(c) = 2 - m*c + 3*c + 3*c - 3*c. Determine j(6).
8
Let q(v) = 5*v**2 + 20*v - 10. Let d(g) = -3*g**2 - 13*g + 7. Let t(r) = -8*d(r) - 5*q(r). Let h = 81 + -77. Give t(h).
-6
Let c(d) = -d + 4 + 1 - 2 + 2*d**3 + 0*d**3 - 4*d**2. Let m(g) = g**2 + 34*g + 36. Let a be m(-33). Determine c(a).
18
Let w be -1*69/(-9) - 4/6. Let q(v) = v**3 - 6*v**2 - 8*v + 6. Calculate q(w).
-1
Let i(c) = -12*c**2 - 2*c + 1. Let j be -3 - (-5 + 6) - -5. Calculate i(j).
-13
Let i(o) = -o**2 - o. Let k(a) = -3*a**2 - 6*a - 1. Let m(s) = -4*i(s) + k(s). Determine m(3).
2
Suppose 46*g = 39*g + 35. Let v(i) = i - 6. Calculate v(g).
-1
Suppose -13*m = 17 - 82. Let z(o) = o**2 + o - 1. Determine z(m).
29
Let a(i) be the first derivative of -i**2 - 42*i - 14. Let l be a(-18). Let f(c) = -c**3 - 7*c**2 - 9*c - 3. Calculate f(l).
15
Let p(n) = 6*n**3 + 2*n**2 - n. Suppose 3 = -23*l + 26*l. Calculate p(l).
7
Suppose p + 2*n + 6 = 1, -5*p + 11 = n. Let w(l) = -2*l + 2. Calculate w(p).
-4
Let r be 0 + 9 + (-1)/(-1). Suppose v + r = 3*v. Let u(y) = -y**2 - 4*y - 9. Let d(m) = -3*m**2 - 8*m - 19. Let h(j) = 2*d(j) - 5*u(j). Give h(v).
2
Let m(y) = -3 - 6 - y**2 + 9*y - 3*y. Let l(o) = 6*o + 12. Let n be l(-4). Let f = -6 - n. What is m(f)?
-9
Let m(j) = 6*j**3 - j. Let x be m(-1). Let c be x*((-20)/(-25))/2. Let y(n) = -3*n**2 + 2. Give y(c).
-10
Let k be (-3 + 11)*(4/8 - 1). Let t(w) = -5 - 4*w - 2*w**2 + 5*w + 3*w**2. What is t(k)?
7
Let o(p) = -p**2 - 7*p + 12. Let v = 1329 + -1337. Give o(v).
4
Suppose 2*b = 2*k - 6, -3*k = 2*b - 2*k - 9. Let q be b + 8*1/2. Let z = q - 6. Let a(o) = -o**2 - o - 4. Determine a(z).
-4
Let p(f) = 9 - 5*f - 7 + 4 + 6*f. Determine p(11).
17
Let s(o) = o**2 - o + 2. Let h = -20 + 28. Let m = -5 + h. Let r be 4/m*15/10. What is s(r)?
4
Let x(h) be the second derivative of -h**5/20 - 7*h**4/12 - 5*h**3/6 + 2*h**2 + 84*h. What is x(-5)?
-21
Suppose 5*f = 0, -8 = -t + f - 3*f. Let l(k) = -k**3 + 8*k**2 - 4. Calculate l(t).
-4
Let t(u) = -u**3 + 3*u**2 + 2*u + 5. Let j(w) = w**2 - 7*w - 4. Let x = 10 + -10. Suppose -2*b = -x*b - 16. Let h be j(b). Give t(h).
-3
Let l be 44/6*(-54)/(-33). Let m(o) = -o**3 + 12*o**2 - 2*o + 2. What is m(l)?
-22
Let u(x) = -x**2 - x + 1. Let y(p) = 4*p**2 + 8*p. Let s = -7 + 4. Let k(w) = s*u(w) - y(w). What is k(-3)?
3
Let b be 13*1 - (-13 - -17). Let i be 2*(-3)/6 - (b - 2). Let o(l) = -l**3 - 7*l**2 + 7*l - 5. Give o(i).
3
Suppose -m + 4 = 3*t + 4*m, 4*t - 15 = 3*m. Let o(n) = -n**3 + 4*n**2 - 2. Let y be o(t). Let p(q) = 4*q - q + 0*q**2 - 4*q**2 - y - q**3. Give p(-5).
3
Let s(j) = -j**3 - 13*j**2 - 11*j + 9. Let q = -1039 + 1027. What is s(q)?
-3
Let h(d) be the first derivative of -13*d**2/2 - 2*d + 63. Give h(-2).
24
Suppose 2 = -a, 6*a - 17 = -5*h + 2*a. Let d(w) = 4*w**2 - 9*w - 6. Let v(o) = -5*o**2 + 9*o + 6. Let u(m) = h*v(m) + 6*d(m). Determine u(-9).
-6
Let k(u) = 19*u + 213. Let p be k(-11). Let a(v) be the first derivative of v - p + 2*v**3 + 5/2*v**2 + 1/4*v**4. Determine a(-4).
13
Let k(m) = -1. Let p(t) = -9*t - 2. Let n(d) = -3*k(d) + p(d). Let l = 1689 + -1688. What is n(l)?
-8
Let x(j) be the second derivative of -1/12*j**4 + 7/2*j**2 + 4/3*j**3 + 0 + 5*j. Determine x(9).
-2
Let r(y) = -y + 1. Suppose -3*i - 2*i = 0. Let u(w) = 160*w**2 - 159*w**2 - 3 + 1. Let l be u(i). Calculate r(l).
3
Suppose -5*x - 15 = 4*l, 4 = 4*x - 5*l + 16. Let h(g) = -2*g - 4. Give h(x).
2
Let h(k) = 48 - 44 - 4*k + 5*k. Let n be h(-3). Suppose -2*m - n = -t - 3, -17 = 4*t + m. Let y(i) = -i - 1. What is y(t)?
3
Let d(u) = u**3 + 3*u**2 - 10*u + 6. Let k be d(-5). Let t(y) = 6 + y**3 + 0 - 7*y**2 - y - k*y - 2*y**3. Calculate t(-6).
12
Let v(s) = -17*s - 2. Let y(m) = -21*m - 3. Let p(q) = -5*v(q) + 4*y(q). Let z(k) = k**3 - 5*k**2 - 6*k + 7. Let g be z(6). Give p(g).
5
Let h(i) = i**2 - 2*i + 3. Let n = 25 - 20. Let u = n + -1. Suppose -5*a = 5*b, -12 = a - u*a + 3*b. What is h(a)?
3
Let n be ((-4)/6)/(8/12). Let t(p) be the third derivative of 5*p**4/24 + p**3/6 + 34*p**2 + 4*p. Give t(n).
-4
Suppose -4 = 12*r - 9*r - g, 5*r = 2*g - 7. Let b(z) = -8*z**2 - 2*z - 2. What is b(r)?
-8
Let s be (-2)/((-52)/12 + 4). Suppose 4*t - s*t + 4 = 0. Let o(w) = -w + 2. Determine o(t).
0
Let x(t) = 0*t**3 - 10*t**2 + 2 - t**3 + t**2. Give x(-9).
2
Let w(x) be the first derivative of 3*x**2/2 + 26*x + 162. Calculate w(-11).
-7
Let i(r) = r**2 - 4*r - 6. Suppose -4*p - 14 = -2*p. Let y be 80/14 + p/(49/(-2)). What is i(y)?
6
Let h(l) be the first derivative of l**4/4 - 10*l**3/3 + 3*l**2/2 - l - 6. Calculate h(10).
29
Let y be (18/(-7))/(7/(-49)). Let x = y - 9. Let d(g) = 5 - x + 3 - g. What is d(5)?
-6
Suppose -12 = -5*x - x. Let r(q) = -1 - q**3 + 2*q - 3*q**x - 3*q + 3*q. Let b = -8 + 5. What is r(b)?
-7
Let i be -4*5/(-50)*-5. Let g(q) = 5*q**2 - 2*q + 2. Let l(h) = -6*h**2 + 2*h - 3. Let f(o) = -4*g(o) - 3*l(o). Calculate f(i).
-11
Let y = 16 + -23. Let q(a) = -1 - 18*a**2 + 5 + 3*a + 14*a**2. Let g(k) = -5*k**2 + 2*k + 4. Let c(f) = -5*g(f) + 6*q(f). What is c(y)?
-3
Let l(y) = y**2 - y + 5. Suppose -8*n = -2*n. Suppose -80 = 4*m + j, n = 4*m + 3*j + 60 + 12. Let k be (-6)/m - 156/(-42). Give l(k).
17
Let b = -1300 + 1303. Let v(q) = 0*q**2 - 2*q + 2 + q**2 - 3. What is v(b)?
2
Let t(d) be the first derivative of -2 - d**3 - 1/2*d**2 + d. Determine t(2).
-13
Let b(o) = 2*o + o**3 - 4*o - 5276*o**2 + 5270*o**2 + 5. Determine b(6).
-7
Let u(d) = -8*d - 1 - d**2 + 0 + 0*d**2 + 2*d + 0. What is u(-9)?
-28
Suppose 0 = -3*m - 100 + 76. Let y(b) = -b**3 - 7*b**2 + 6*b - 1. Give y(m).
15
Let q(d) = -d - 17. Let j = -564 + 550. What is q(j)?
-3
Let d(z) = -122*z - 22. Let b be d(-7). Let k be (-2)/17 + b/136. Let u(o) = 4*o - 5. Give u(k).
19
Let m(l) = l**3 - 18*l**2 - l + 22. Let k = -1111 - -1129. Determine m(k).
4
Let f(q) = -q**2 + 8*q - 2. Let i(a) = a**2 - 3*a - 18. Let z be i(6). Suppose -5*h + 2*o + 28 = -z*o, h - 5 = o. What is f(h)?
10
Let s(r) = -2*r - 137 + 67 + 72. Calculate s(-3).
8
Let k(g) = 5*g + 1 - 4*g + 3 - g**2. Suppose 0 = 3*d + 5*o - 9, -4*d = -5*d + 3*o + 3. Suppose -d*b + 3 = -5*h, -2 - 2 = 3*h - 4*b. Determine k(h).
4
Let p(d) = d**2 + 12*d - 21. Let c be p(-13). Let b(y) = -y - 8. Calculate b(c).
0
Let y(h) be the second derivative of -h**4/12 - 13*h**3/6 - 4*h**2 - 311*h + 1. Give y(-15).
-38
Let d(y) = y**2 + 6*y - 3. Suppose -57 + 2 = 11*k. What is d(k)?
-8
Suppose 47*w + 5*w = 520. Let m(i) = 4*i - 35. Give m(w).
5
Let h(d) be the first derivative of 1/3*d**3 + 0*d - 7 - 1/60*d**5 + 3*d**2 - 1/6*d**4. Let v(b) be the second derivative of h(b). What is v(-5)?
-3
Let q(l) = l**3 + l. Let m be q(0). Let p(k) = 6*k - 5*k + 0 - 1 + m*k. Let n(v) = v**2 - 2*v + 3. Let c(o) = -n(o) - 4*p(o). What is c(1)?
-2
Let q(z) = -z**2 + 7*z - 9. Let c be q(6). Let p be -4*4/8 + c. Let j(o) = 4*o + 6. Let k(l) = 3*l + 4. Let r(w) = p*j(w) + 8*k(w). Give r(-3).
-10
Suppose -19 + 3 = -4*s. Suppose -b + 10 = 3*z, s = -3*b + b + 2*z. Let v(d) = -4*d**2 + 2*d - 1. What is v(b)?
-3
Let k(o) = o**3 - 9*o**2 + 7*o + 5. Suppose 2*m + 10 = 4*x, 4*m + 5*x - 23 = 3*m. Suppose 24 = m*s - 0*s. Determine k(s).
-3
Let u(d) be the third derivative of -d**5/60 + d**4/12 + d**3/6 + 86*d**2 + 2*d. Let v(a) = a + 1. Let w be